(base 15) in base 9?
465434
-9729 (base 12) to base 5
-1012333
Convert 33032223 (base 7) to base 10.
2831580
11225115 (base 7) to base 9
1755176
-3313230112 (base 4) to base 2
-11110111101100010110
-3658177 (base 10) to base 5
-1414030202
Convert -5220041 (base 6) to base 3.
-110202220221
-532235024 (base 6) to base 7
-142326352
Convert 57268 (base 11) to base 6.
1435302
What is 267aaa0 (base 12) in base 10?
7628952
What is 49799 (base 16) in base 14?
7b969
What is -10423141 (base 5) in base 8?
-264210
-101110100101000001100 (base 2) to base 6
-52414044
-1b010 (base 12) to base 4
-21231030
10255755 (base 8) to base 10
2186221
Convert 5111123 (base 6) to base 8.
731673
What is -626316 (base 7) in base 9?
-173856
Convert -201101024 (base 5) to base 3.
-1111122120210
What is 2a33a7 (base 12) in base 11?
446012
-57152 (base 14) to base 15
-42a3b
What is -1310432 (base 5) in base 2?
-110010010001110
What is 3302193 (base 11) in base 3?
101220201002112
Convert 152002 (base 14) to base 4.
2303202202
Convert 178465 (base 12) to base 8.
1435615
What is -1225524331 (base 6) in base 16?
-d9c81f
What is 2802 (base 16) in base 4?
2200002
What is -200020000120 (base 3) in base 8?
-1274433
Convert 13391ac (base 13) to base 10.
6046455
2324230 (base 7) to base 13
a2bb6
What is 1c02b (base 15) in base 7?
526535
What is 25a129 (base 12) in base 7?
5155041
What is 1781a (base 16) in base 3?
11220002000
Convert -98639 (base 14) to base 5.
-43301143
Convert -651340 (base 8) to base 3.
-102001210120
-4b2587 (base 13) to base 16
-1b8995
What is 21120111211 (base 3) in base 2?
100100011001100001
-57600 (base 12) to base 5
-12213030
-1ab894 (base 13) to base 7
-5541631
What is 2184153 (base 10) in base 4?
20111033121
-181165 (base 14) to base 5
-204120211
-1021334200 (base 5) to base 13
-59a7a3
Convert 34983 (base 13) to base 2.
10111011101100011
What is 478a6 (base 11) in base 16?
10d65
Convert 2202211002211 (base 3) to base 6.
51321504
-22436614 (base 7) to base 10
-1959178
What is 4a811 (base 11) in base 14?
1c79c
Convert -98059 (base 16) to base 10.
-622681
Convert 84c46 (base 14) to base 3.
121021221110
Convert 3661731 (base 8) to base 9.
1806477
Convert -9941220 (base 10) to base 5.
-10021104340
Convert 6653163 (base 7) to base 4.
3020022120
What is -726260 (base 9) in base 10?
-431055
2564021 (base 7) to base 13
b96cc
What is 2782867 (base 9) in base 4?
11311300000
What is -11542111 (base 6) in base 15?
-74e71
549869 (base 11) to base 7
10311250
3172714 (base 8) to base 5
204134411
What is 1a7ccc (base 16) in base 2?
110100111110011001100
Convert 100102102011222 (base 3) to base 5.
2240221020
-719908 (base 10) to base 9
-1316467
3339550 (base 11) to base 8
26252276
3040440200 (base 5) to base 2
10111100110011110101101
Convert 11012321 (base 5) to base 9.
153824
-837ee (base 16) to base 6
-15313314
Convert -13553b (base 12) to base 4.
-1032032333
-10001110100000000 (base 2) to base 12
-36280
Convert -3313321 (base 4) to base 13.
-72b5
Convert 51433140 (base 6) to base 2.
101101001110100110100
-12435522 (base 7) to base 10
-1135248
1201211110210 (base 3) to base 6
31431333
Convert -43051502 (base 6) to base 10.
-1266590
450024332 (base 6) to base 10
8121728
Convert 1749343 (base 10) to base 14.
337731
1151 (base 13) to base 16
980
-f07aec (base 16) to base 6
-1321443244
Convert 4341132 (base 5) to base 16.
1232e
What is -110110111010011111110 (base 2) in base 5?
-430040142
-101010011100101011001000 (base 2) to base 4
-222130223020
-13b371 (base 13) to base 3
-220110211022
Convert -75c08 (base 13) to base 7.
-1544561
What is 452343 (base 9) in base 13?
96303
Convert -112111022110 (base 3) to base 14.
-75d63
Convert -10110110011110110000 (base 2) to base 5.
-142404230
Convert 21233110000 (base 4) to base 7.
30462256
218206 (base 10) to base 13
78421
Convert -10351e (base 15) to base 4.
-2330021132
What is 1112423340 (base 5) in base 8?
11323021
Convert -d659a (base 15) to base 6.
-22322301
What is -222867 (base 10) in base 11?
-142497
Convert -727245 (base 12) to base 15.
-257108
What is -1dd2c59 (base 14) in base 11?
-8535211
101010212211 (base 3) to base 9
333784
Convert -16017b8 (base 13) to base 15.
-94644d
What is 1111000010110100 (base 2) in base 4?
33002310
132441 (base 6) to base 7
50521
What is -1011000001000001110000 (base 2) in base 11?
-16a2706
173652 (base 11) to base 14
6dad4
55091c (base 14) to base 7
33335135
Convert -1022132034 (base 5) to base 11.
-1236273
23413431 (base 5) to base 16
34ea5
353031 (base 10) to base 14
92927
What is 60302 (base 11) in base 14?
2420b
Convert 1521411 (base 6) to base 14.
24371
Convert -10010011110000000111111 (base 2) to base 7.
-56103156
Convert 9603 (base 10) to base 3.
111011200
What is 100000000111101001 (base 2) in base 9?
220418
Convert -111010011110111010001 (base 2) to base 15.
-27cc2e
Convert 7141626 (base 10) to base 8.
33174372
-26615 (base 9) to base 8
-43114
What is -14d7f (base 16) in base 13?
-2cb24
-22210b (base 16) to base 8
-10420413
-1120102101201 (base 3) to base 2
-11001011110110110010
What is 102002131 (base 4) in base 7?
425260
What is 31211078 (base 9) in base 8?
71174157
-11122011212011 (base 3) to base 5
-1112321131
-c1419 (base 14) to base 2
-1110001011010011111
What is 6938969 (base 10) in base 8?
32360531
Convert -10010000000101 (base 2) to base 12.
-5405
Convert -4202612 (base 8) to base 10.
-1115530
What is 2220221002 (base 3) in base 4?
32003003
Convert -2220022220012 (base 3) to base 7.
-16050632
Convert 966428 (base 11) to base 14.
2c34a9
Convert -5baa5 (base 16) to base 11.
-2370a9
-1001011011101000101110 (base 2) to base 14
-4850aa
-11737 (base 15) to base 2
-1101100101001011
2833b (base 12) to base 14
1647d
What is -218485 (base 15) in base 3?
-10000011012222
-563046 (base 9) to base 14
-8aa80
-121233330 (base 5) to base 4
-2023123102
38282 (base 13) to base 10
103703
Convert 2102011201 (base 3) to base 16.
b998
2a4224 (base 13) to base 16
fd428
What is -101101000101101000000 (base 2) in base 10?
-1477440
Convert 2353041 (base 6) to base 4.
132032101
10011000001110101000 (base 2) to base 16
983a8
Convert -92285 (base 12) to base 6.
-4025445
Convert 470912 (base 12) to base 10.
1141790
-11000111000111101 (base 2) to base 5
-11230244
-13a347 (base 15) to base 16
-e6e4e
bb50ca (base 13) to base 2
10000110100100011001001
-603a69 (base 14) to base 5
-1312042404
Convert -922462 (base 11) to base 6.
-51432523
Convert -11100010110111100000111 (base 2) to base 8.
-34267407
-11224111 (base 7) to base 12
-3b3891
74499 (base 10) to base 5
4340444
-362377 (base 10) to base 12
-155861
-3312331002 (base 4) to base 11
-630a76
-73c38 (base 16) to base 4
-1303300320
-19893b9 (base 14) to base 9
-25810771
Convert 2277706 (base 10) to base 5.
1040341311
44102130 (base 5) to base 8
1343057
What is 3444416 (base 7) in base 9?
726638
21d235 (base 15) to base 14
30015c
4122321243 (base 5) to base 8
40031050
-1064777 (base 10) to base 13
-2b385c
10100001111110100001011 (base 2) to base 10
5307659
What is 65164155 (base 7) in base 13?
11c993a
What is -16532605 (base 8) in base 10?
-3847557
Convert -12006504 (base 7) to base 4.
-10003010130
a04c0 (base 13) to base 9
475828
What is -8630 (base 11) in base 4?
-2302033
45224350 (base 6) to base 3
2120201021010
100110101100111001 (base 2) to base 9
261404
Convert 322131130 (base 5) to base 13.
38a128
5a564 (base 16) to base 9
623513
What is -1a87666 (base 11) in base 8?
-15306102
Convert 201422043 (base 5) to base 16.
c5f92
Convert 7518 (base 15) to base 2.
110000011000101
-1d699 (base 14) to base 2
-10010011010000111
What is 113402 (base 5) in base 10?
4227
-267482 (base 9) to base 14
-43565
Convert 8099a (base 14) to base 11.
1a1367
-11443213301 (base 5) to base 11
-77819a9
-6003551 (base 7) to base 11
-443373
6a85 (base 14) to base 15
5761
Convert -100230220 (base 5) to base 8.
-1412732
Convert 1e3a34 (base 16) to base 15.
291e55
What is -2101202021102 (base 3) in base 4?
-10313021330
What is 3ab333 (base 14) in base 5?
1004402244
Convert -2424032 (base 5) to base 16.
-b1cd
What is -1a765 (base 13) in base 14?
-14c3b
-542625 (base 7) to base 4
-113012232
What is 67657271 (base 8) in base 14?
1d30b8d
Convert 1265232 (base 11) to base 8.
10262231
What is 